{"id":2292,"date":"2018-09-25T11:50:49","date_gmt":"2018-09-25T16:50:49","guid":{"rendered":"http:\/\/adc.org.co\/?page_id=2292"},"modified":"2024-01-26T02:11:43","modified_gmt":"2024-01-26T07:11:43","slug":"herederos-del-planeta-2","status":"publish","type":"page","link":"https:\/\/adc.org.co\/en\/herederos-del-planeta-2\/","title":{"rendered":"Herederos del Planeta"},"content":{"rendered":"<p>[vc_row][vc_column width=&#8221;1\/3&#8243;][\/vc_column][vc_column width=&#8221;1\/3&#8243;][vc_btn title=&#8221;Switch to German&#8221; style=&#8221;flat&#8221; color=&#8221;orange&#8221; link=&#8221;url:http%3A%2F%2Fadc.org.co%2Fherederos-del-planeta-german-version%2F|||&#8221;][\/vc_column][vc_column width=&#8221;1\/3&#8243;][\/vc_column][\/vc_row][vc_row][vc_column width=&#8221;1\/2&#8243;][vc_column_text]<\/p>\n<h2 class=\"Text\">Nuestro proyecto en Colombia<\/h2>\n<h4 class=\"Text\">Los ni\u00f1os en las tierras altas en el sur de Colombia se autodenominan &#8220;herederos de la tierra &#8211; Herederos del Planeta&#8221;. Nuestra asociaci\u00f3n para el apoyo de ni\u00f1os y adolescentes en los Andes ha adoptado este hermoso nombre asociado a su futuro.<\/h4>\n<p>[\/vc_column_text][\/vc_column][vc_column width=&#8221;1\/2&#8243;][vc_single_image image=&#8221;2293&#8243; img_size=&#8221;large&#8221;][\/vc_column][\/vc_row][vc_row][vc_column width=&#8221;1\/2&#8243;][vc_single_image image=&#8221;2294&#8243; img_size=&#8221;full&#8221;][\/vc_column][vc_column width=&#8221;1\/2&#8243;][vc_column_text]<\/p>\n<h2 class=\"Text\">Tu donaci\u00f3n cuenta:<\/h2>\n<p><strong>El concepto:<\/strong><\/p>\n<p>Adem\u00e1s del derecho a la infancia y el tiempo para el juego y la vida social, la importancia de la preservaci\u00f3n de las zonas rurales en los ni\u00f1os se transmite a los ni\u00f1os en grupos.<\/p>\n<p><strong>El efecto:<\/strong><\/p>\n<p>Los Grupos de Ni\u00f1os Herederos, que nuestra asociaci\u00f3n apoya, son parte del programa de la ADC, una organizaci\u00f3n cooperativa para el desarrollo de campesinos y agricultores en el sur de Colombia amenazados por la pobreza y el \u00e9xodo rural. El ADC proporciona conocimiento en varias redes, incluida la conservaci\u00f3n del suelo ecol\u00f3gico, la mejora de la cosecha, la comunicaci\u00f3n moderna y el trabajo con madres y ni\u00f1os. El principio m\u00e1s importante es la autodeterminaci\u00f3n y la iniciativa de la poblaci\u00f3n campesina, mediante la cual se restablece una vieja forma de vida india, la Minga, lo que significa un trabajo regular en una base rec\u00edproca e intercambio de cultivos sin fondos.[\/vc_column_text][\/vc_column][\/vc_row][vc_row][vc_column width=&#8221;1\/2&#8243;][vc_column_text]Este proyecto se ha convertido en un proceso exitoso en 30 a\u00f1os. A trav\u00e9s del cultivo de biodiversidad que conduce a rendimientos de cultivos mejores y m\u00e1s sanos, a trav\u00e9s de un mejor conocimiento y la comunidad vivida, las condiciones de vida de los peque\u00f1os agricultores han mejorado significativamente. El \u00e9xodo rural ha disminuido notablemente, en parte porque los ni\u00f1os de hoy se sienten parte de una comunidad m\u00e1s grande cuando se hacen cargo de sus granjas parentales mientras cuidan a la generaci\u00f3n anterior.<\/p>\n<p>&nbsp;<\/p>\n<p>Hace veinticinco a\u00f1os surgi\u00f3 la idea de reunir a los ni\u00f1os de las granjas, a menudo dispersas y aisladas, en grupos y cuidarlos intensamente y educarlos sobre su entorno. En la actualidad nuestra asociaci\u00f3n atiende a 600 ni\u00f1os en 16 grupos. Estos grupos se re\u00fanen una vez a la semana con una familia o al aire libre. Juegan, cantan, aprenden danzas tradicionales, observan plantas y animales y conocen sus nombres y condiciones de vida. Entonces desarrollan una fuerte conexi\u00f3n emocional con la naturaleza y su hermoso hogar. Una delicia especial para los ni\u00f1os es una estancia de varios d\u00edas en la escuela de la naturaleza con jardines educativos construidos para ellos y otros grupos de la ADC. La junta de nuestra asociaci\u00f3n Peter Busmann juega un papel importante en la construcci\u00f3n de este centro educativo, por lo que lleva su mismo nombre.[\/vc_column_text][vc_single_image image=&#8221;2298&#8243; img_size=&#8221;large&#8221;][\/vc_column][vc_column width=&#8221;1\/2&#8243;][vc_single_image image=&#8221;2296&#8243; img_size=&#8221;full&#8221;][vc_single_image image=&#8221;2297&#8243; img_size=&#8221;large&#8221;][\/vc_column][\/vc_row][vc_row][vc_column width=&#8221;1\/2&#8243;][vc_single_image image=&#8221;2299&#8243; img_size=&#8221;full&#8221;][vc_single_image image=&#8221;2300&#8243; img_size=&#8221;large&#8221;][\/vc_column][vc_column width=&#8221;1\/2&#8243;][vc_column_text]Nuestra asociaci\u00f3n trata de usar donaciones para financiar las actividades de muchos grupos de ni\u00f1os. La autoayuda es ahora auto-responsabilidad y algunos asentamientos est\u00e1n llenos de pistas Herederos: los ni\u00f1os juegan, cuidan del uno al otro, del ganado y jardines org\u00e1nicos. La historia natural y la educaci\u00f3n ambiental son parte de su rutina diaria. Muchos Herederos ahora son l\u00edderes de grupos de voluntarios. Estos a la vez reciben asesoramiento y asistencia de algunos directivos cuyo sustento tiene que ser asegurado mediante nuestras donaciones.<\/p>\n<p>De la segunda generaci\u00f3n de nuestros ni\u00f1os Herederos ha crecido una segunda generaci\u00f3n que trabaja con responsabilidad para su formaci\u00f3n profesional o despu\u00e9s de sus estudios para el proceso de preservaci\u00f3n de su pa\u00eds y construir proyectos incluso en otras regiones de nuestro modelo.<\/p>\n<p>Usted como donante ha ayudado a desarrollar el concepto exitoso de este movimiento campesino. Nos gustar\u00eda agradecerles a todos en el nombre de los ni\u00f1os. Pr\u00e1cticamente no tenemos costos administrativos, por lo que su donaci\u00f3n llega directamente a los ni\u00f1os. Ay\u00fadenos a continuar trayendo un modelo que valga la pena en el futuro y difundirlo.[\/vc_column_text][vc_single_image image=&#8221;2301&#8243; img_size=&#8221;large&#8221;][\/vc_column][\/vc_row][vc_row][vc_column][vc_separator color=&#8221;orange&#8221; border_width=&#8221;3&#8243;][vc_column_text]<\/p>\n<h3 style=\"text-align: center;\">Contactos:<\/h3>\n<h3 style=\"text-align: center;\">Herederos del Planeta -Erben der Erde- Colonia e.V.Verein para apoyar a los ni\u00f1os y adolescentes en los Andes,<\/h3>\n<h3 style=\"text-align: center;\">Registrado bajo el Reg. Nr. 43 VR 11969 en el Tribunal de Distrito de Colonia<\/h3>\n<h3 style=\"text-align: center;\">\u2105 Peter Busmann, Rheinuferweg 78a, D 53332 Bornheim-Uedorf<\/h3>\n<h3 style=\"text-align: center;\">Cuenta de donaciones: Sparkasse Leverkusen IBAN: DE34 3755 1440 0204 0835 62 BIC: WELADEDLLEV<\/h3>\n<p>[\/vc_column_text][vc_separator color=&#8221;orange&#8221; border_width=&#8221;3&#8243;][\/vc_column][\/vc_row][vc_row][vc_column width=&#8221;1\/2&#8243;][vc_single_image image=&#8221;2302&#8243; img_size=&#8221;large&#8221;][\/vc_column][vc_column width=&#8221;1\/2&#8243;][vc_column_text]Varios miembros de nuestra asociaci\u00f3n est\u00e1n en contacto personal regular con el proyecto. M\u00e1s recientemente, la junta directiva de la asociaci\u00f3n Prof. Peter Busmann visit\u00f3 a nuestros amigos en Colombia con su esposa y \u00c4nne Kuntze-S\u00fcchting en julio de este a\u00f1o. Todos quedamos muy impresionados con la c\u00e1lida bienvenida y el amable trato de todos los empleados. Visitamos cuatro grupos de ni\u00f1os, por lo que a menudo hicimos largos y arduos viajes en este importante Land Rover. En el camino, los ni\u00f1os de sus granjas a menudo muy alejados nos estaban esperando, que subieron r\u00e1pidamente a la parte trasera de la camioneta.<\/p>\n<p>Cu\u00e1n felices y, sobre todo, cu\u00e1n saludables se ve\u00edan y cu\u00e1nta alegr\u00eda ten\u00edan que decirnos sobre ellos mismos y el trabajo en grupo y para entretenernos con comida muy especial, como por ejemplo:\u00a0 de vegetales viejos redescubiertos. Para nosotros, un mundo diferente y una experiencia maravillosa para experimentar el amor de los ni\u00f1os con su pachamama, la Madre Tierra.[\/vc_column_text][vc_single_image image=&#8221;2333&#8243; img_size=&#8221;medium&#8221;][\/vc_column][\/vc_row][vc_row][vc_column width=&#8221;1\/2&#8243;][vc_video link=&#8221;https:\/\/www.youtube.com\/watch?v=R2tYK01mjWQ&#8221;][\/vc_column][vc_column width=&#8221;1\/2&#8243;][vc_column_text]<\/p>\n<h2 style=\"text-align: center;\">5th Edition &#8211; September 2020<\/h2>\n<p>[\/vc_column_text][vc_btn title=&#8221;Laden Sie unseren Newsletter der Erben des Planeten auf Deutsch herunter&#8221; color=&#8221;green&#8221; link=&#8221;url:https%3A%2F%2Fadc.org.co%2Fwp-content%2Fuploads%2F2020%2F09%2FBoleti%CC%81n-5-Alema%CC%81n.pdf||target:%20_blank|&#8221;][vc_btn title=&#8221;Descarga Nuestro Bolet\u00edn de Herederos del Planeta ESPA\u00d1OL&#8221; style=&#8221;flat&#8221; color=&#8221;green&#8221; link=&#8221;url:https%3A%2F%2Fadc.org.co%2Fwp-content%2Fuploads%2F2020%2F09%2FBoleti%CC%81n5HerederosdelPlaneta.pdf||target:%20_blank|&#8221;][vc_btn title=&#8221;Download our Newsletter Herederos del Planeta in English&#8221; style=&#8221;flat&#8221; color=&#8221;green&#8221; link=&#8221;url:https%3A%2F%2Fadc.org.co%2Fwp-content%2Fuploads%2F2020%2F09%2FBoleti%CC%81n5EnglishHerederosdelPlaneta.pdf||target:%20_blank|&#8221;][\/vc_column][\/vc_row][vc_row][vc_column width=&#8221;1\/4&#8243;][vc_single_image image=&#8221;2303&#8243; img_size=&#8221;medium&#8221;][\/vc_column][vc_column width=&#8221;1\/4&#8243;][vc_single_image image=&#8221;2304&#8243; img_size=&#8221;medium&#8221;][\/vc_column][vc_column width=&#8221;1\/4&#8243;][vc_single_image image=&#8221;2329&#8243; img_size=&#8221;medium&#8221;][\/vc_column][vc_column width=&#8221;1\/4&#8243;][vc_single_image image=&#8221;2330&#8243; img_size=&#8221;medium&#8221;][\/vc_column][\/vc_row]<\/p>\n","protected":false},"excerpt":{"rendered":"<p>[vc_row][vc_column width=&#8221;1\/3&#8243;][\/vc_column][vc_column width=&#8221;1\/3&#8243;][vc_btn title=&#8221;Switch to German&#8221; style=&#8221;flat&#8221; color=&#8221;orange&#8221; link=&#8221;url:http%3A%2F%2Fadc.org.co%2Fherederos-del-planeta-german-version%2F|||&#8221;][\/vc_column][vc_column width=&#8221;1\/3&#8243;][\/vc_column][\/vc_row][vc_row][vc_column width=&#8221;1\/2&#8243;][vc_column_text] Nuestro proyecto en Colombia Los ni\u00f1os en las tierras altas en el sur de Colombia se autodenominan &#8220;herederos de la tierra &#8211; Herederos del Planeta&#8221;. Nuestra asociaci\u00f3n para el apoyo de ni\u00f1os y adolescentes en los Andes ha adoptado este hermoso nombre asociado a [&hellip;]<\/p>\n","protected":false},"author":1,"featured_media":0,"parent":0,"menu_order":0,"comment_status":"closed","ping_status":"closed","template":"","meta":{"footnotes":""},"class_list":["post-2292","page","type-page","status-publish","hentry"],"_links":{"self":[{"href":"https:\/\/adc.org.co\/en\/wp-json\/wp\/v2\/pages\/2292","targetHints":{"allow":["GET"]}}],"collection":[{"href":"https:\/\/adc.org.co\/en\/wp-json\/wp\/v2\/pages"}],"about":[{"href":"https:\/\/adc.org.co\/en\/wp-json\/wp\/v2\/types\/page"}],"author":[{"embeddable":true,"href":"https:\/\/adc.org.co\/en\/wp-json\/wp\/v2\/users\/1"}],"replies":[{"embeddable":true,"href":"https:\/\/adc.org.co\/en\/wp-json\/wp\/v2\/comments?post=2292"}],"version-history":[{"count":35,"href":"https:\/\/adc.org.co\/en\/wp-json\/wp\/v2\/pages\/2292\/revisions"}],"predecessor-version":[{"id":3118,"href":"https:\/\/adc.org.co\/en\/wp-json\/wp\/v2\/pages\/2292\/revisions\/3118"}],"wp:attachment":[{"href":"https:\/\/adc.org.co\/en\/wp-json\/wp\/v2\/media?parent=2292"}],"curies":[{"name":"wp","href":"https:\/\/api.w.org\/{rel}","templated":true}]}}

<p>[vc_row][vc_column width=&#8221;1/3&#8243;][/vc_column][vc_column width=&#8221;1/3&#8243;][vc_btn title=&#8221;Switch to German&#8221; style=&#8221;flat&#8221; color=&#8221;orange&#8221; link=&#8221;url:http%3A%2F%2Fadc.org.co%2Fherederos-del-planeta-german-version%2F|||&#8221;][/vc_column][vc_column width=&#8221;1/3&#8243;][/vc_column][/vc_row][vc_row][vc_column width=&#8221;1/2&#8243;][vc_column_text]</p>
<h2 class="Text">Nuestro proyecto en Colombia</h2>
<h4 class="Text">Los niños en las tierras altas en el sur de Colombia se autodenominan &#8220;herederos de la tierra &#8211; Herederos del Planeta&#8221;. Nuestra asociación para el apoyo de niños y adolescentes en los Andes ha adoptado este hermoso nombre asociado a su futuro.</h4>
<p>[/vc_column_text][/vc_column][vc_column width=&#8221;1/2&#8243;][vc_single_image image=&#8221;2293&#8243; img_size=&#8221;large&#8221;][/vc_column][/vc_row][vc_row][vc_column width=&#8221;1/2&#8243;][vc_single_image image=&#8221;2294&#8243; img_size=&#8221;full&#8221;][/vc_column][vc_column width=&#8221;1/2&#8243;][vc_column_text]</p>
<h2 class="Text">Tu donación cuenta:</h2>
<p><strong>El concepto:</strong></p>
<p>Además del derecho a la infancia y el tiempo para el juego y la vida social, la importancia de la preservación de las zonas rurales en los niños se transmite a los niños en grupos.</p>
<p><strong>El efecto:</strong></p>
<p>Los Grupos de Niños Herederos, que nuestra asociación apoya, son parte del programa de la ADC, una organización cooperativa para el desarrollo de campesinos y agricultores en el sur de Colombia amenazados por la pobreza y el éxodo rural. El ADC proporciona conocimiento en varias redes, incluida la conservación del suelo ecológico, la mejora de la cosecha, la comunicación moderna y el trabajo con madres y niños. El principio más importante es la autodeterminación y la iniciativa de la población campesina, mediante la cual se restablece una vieja forma de vida india, la Minga, lo que significa un trabajo regular en una base recíproca e intercambio de cultivos sin fondos.[/vc_column_text][/vc_column][/vc_row][vc_row][vc_column width=&#8221;1/2&#8243;][vc_column_text]Este proyecto se ha convertido en un proceso exitoso en 30 años. A través del cultivo de biodiversidad que conduce a rendimientos de cultivos mejores y más sanos, a través de un mejor conocimiento y la comunidad vivida, las condiciones de vida de los pequeños agricultores han mejorado significativamente. El éxodo rural ha disminuido notablemente, en parte porque los niños de hoy se sienten parte de una comunidad más grande cuando se hacen cargo de sus granjas parentales mientras cuidan a la generación anterior.</p>
<p>&nbsp;</p>
<p>Hace veinticinco años surgió la idea de reunir a los niños de las granjas, a menudo dispersas y aisladas, en grupos y cuidarlos intensamente y educarlos sobre su entorno. En la actualidad nuestra asociación atiende a 600 niños en 16 grupos. Estos grupos se reúnen una vez a la semana con una familia o al aire libre. Juegan, cantan, aprenden danzas tradicionales, observan plantas y animales y conocen sus nombres y condiciones de vida. Entonces desarrollan una fuerte conexión emocional con la naturaleza y su hermoso hogar. Una delicia especial para los niños es una estancia de varios días en la escuela de la naturaleza con jardines educativos construidos para ellos y otros grupos de la ADC. La junta de nuestra asociación Peter Busmann juega un papel importante en la construcción de este centro educativo, por lo que lleva su mismo nombre.[/vc_column_text][vc_single_image image=&#8221;2298&#8243; img_size=&#8221;large&#8221;][/vc_column][vc_column width=&#8221;1/2&#8243;][vc_single_image image=&#8221;2296&#8243; img_size=&#8221;full&#8221;][vc_single_image image=&#8221;2297&#8243; img_size=&#8221;large&#8221;][/vc_column][/vc_row][vc_row][vc_column width=&#8221;1/2&#8243;][vc_single_image image=&#8221;2299&#8243; img_size=&#8221;full&#8221;][vc_single_image image=&#8221;2300&#8243; img_size=&#8221;large&#8221;][/vc_column][vc_column width=&#8221;1/2&#8243;][vc_column_text]Nuestra asociación trata de usar donaciones para financiar las actividades de muchos grupos de niños. La autoayuda es ahora auto-responsabilidad y algunos asentamientos están llenos de pistas Herederos: los niños juegan, cuidan del uno al otro, del ganado y jardines orgánicos. La historia natural y la educación ambiental son parte de su rutina diaria. Muchos Herederos ahora son líderes de grupos de voluntarios. Estos a la vez reciben asesoramiento y asistencia de algunos directivos cuyo sustento tiene que ser asegurado mediante nuestras donaciones.</p>
<p>De la segunda generación de nuestros niños Herederos ha crecido una segunda generación que trabaja con responsabilidad para su formación profesional o después de sus estudios para el proceso de preservación de su país y construir proyectos incluso en otras regiones de nuestro modelo.</p>
<p>Usted como donante ha ayudado a desarrollar el concepto exitoso de este movimiento campesino. Nos gustaría agradecerles a todos en el nombre de los niños. Prácticamente no tenemos costos administrativos, por lo que su donación llega directamente a los niños. Ayúdenos a continuar trayendo un modelo que valga la pena en el futuro y difundirlo.[/vc_column_text][vc_single_image image=&#8221;2301&#8243; img_size=&#8221;large&#8221;][/vc_column][/vc_row][vc_row][vc_column][vc_separator color=&#8221;orange&#8221; border_width=&#8221;3&#8243;][vc_column_text]</p>
<h3 style="text-align: center;">Contactos:</h3>
<h3 style="text-align: center;">Herederos del Planeta -Erben der Erde- Colonia e.V.Verein para apoyar a los niños y adolescentes en los Andes,</h3>
<h3 style="text-align: center;">Registrado bajo el Reg. Nr. 43 VR 11969 en el Tribunal de Distrito de Colonia</h3>
<h3 style="text-align: center;">℅ Peter Busmann, Rheinuferweg 78a, D 53332 Bornheim-Uedorf</h3>
<h3 style="text-align: center;">Cuenta de donaciones: Sparkasse Leverkusen IBAN: DE34 3755 1440 0204 0835 62 BIC: WELADEDLLEV</h3>
<p>[/vc_column_text][vc_separator color=&#8221;orange&#8221; border_width=&#8221;3&#8243;][/vc_column][/vc_row][vc_row][vc_column width=&#8221;1/2&#8243;][vc_single_image image=&#8221;2302&#8243; img_size=&#8221;large&#8221;][/vc_column][vc_column width=&#8221;1/2&#8243;][vc_column_text]Varios miembros de nuestra asociación están en contacto personal regular con el proyecto. Más recientemente, la junta directiva de la asociación Prof. Peter Busmann visitó a nuestros amigos en Colombia con su esposa y Änne Kuntze-Süchting en julio de este año. Todos quedamos muy impresionados con la cálida bienvenida y el amable trato de todos los empleados. Visitamos cuatro grupos de niños, por lo que a menudo hicimos largos y arduos viajes en este importante Land Rover. En el camino, los niños de sus granjas a menudo muy alejados nos estaban esperando, que subieron rápidamente a la parte trasera de la camioneta.</p>
<p>Cuán felices y, sobre todo, cuán saludables se veían y cuánta alegría tenían que decirnos sobre ellos mismos y el trabajo en grupo y para entretenernos con comida muy especial, como por ejemplo:  de vegetales viejos redescubiertos. Para nosotros, un mundo diferente y una experiencia maravillosa para experimentar el amor de los niños con su pachamama, la Madre Tierra.[/vc_column_text][vc_single_image image=&#8221;2333&#8243; img_size=&#8221;medium&#8221;][/vc_column][/vc_row][vc_row][vc_column width=&#8221;1/2&#8243;][vc_video link=&#8221;https://www.youtube.com/watch?v=R2tYK01mjWQ&#8221;][/vc_column][vc_column width=&#8221;1/2&#8243;][vc_column_text]</p>
<h2 style="text-align: center;">5th Edition &#8211; September 2020</h2>
<p>[/vc_column_text][vc_btn title=&#8221;Laden Sie unseren Newsletter der Erben des Planeten auf Deutsch herunter&#8221; color=&#8221;green&#8221; link=&#8221;url:https%3A%2F%2Fadc.org.co%2Fwp-content%2Fuploads%2F2020%2F09%2FBoleti%CC%81n-5-Alema%CC%81n.pdf||target:%20_blank|&#8221;][vc_btn title=&#8221;Descarga Nuestro Boletín de Herederos del Planeta ESPAÑOL&#8221; style=&#8221;flat&#8221; color=&#8221;green&#8221; link=&#8221;url:https%3A%2F%2Fadc.org.co%2Fwp-content%2Fuploads%2F2020%2F09%2FBoleti%CC%81n5HerederosdelPlaneta.pdf||target:%20_blank|&#8221;][vc_btn title=&#8221;Download our Newsletter Herederos del Planeta in English&#8221; style=&#8221;flat&#8221; color=&#8221;green&#8221; link=&#8221;url:https%3A%2F%2Fadc.org.co%2Fwp-content%2Fuploads%2F2020%2F09%2FBoleti%CC%81n5EnglishHerederosdelPlaneta.pdf||target:%20_blank|&#8221;][/vc_column][/vc_row][vc_row][vc_column width=&#8221;1/4&#8243;][vc_single_image image=&#8221;2303&#8243; img_size=&#8221;medium&#8221;][/vc_column][vc_column width=&#8221;1/4&#8243;][vc_single_image image=&#8221;2304&#8243; img_size=&#8221;medium&#8221;][/vc_column][vc_column width=&#8221;1/4&#8243;][vc_single_image image=&#8221;2329&#8243; img_size=&#8221;medium&#8221;][/vc_column][vc_column width=&#8221;1/4&#8243;][vc_single_image image=&#8221;2330&#8243; img_size=&#8221;medium&#8221;][/vc_column][/vc_row]</p>

<p>[vc_row][vc_column width=&#8221;1/3&#8243;][/vc_column][vc_column width=&#8221;1/3&#8243;][vc_btn title=&#8221;Switch to German&#8221; style=&#8221;flat&#8221; color=&#8221;orange&#8221; link=&#8221;url:http%3A%2F%2Fadc.org.co%2Fherederos-del-planeta-german-version%2F|||&#8221;][/vc_column][vc_column width=&#8221;1/3&#8243;][/vc_column][/vc_row][vc_row][vc_column width=&#8221;1/2&#8243;][vc_column_text] Nuestro proyecto en Colombia Los niños en las tierras altas en el sur de Colombia se autodenominan &#8220;herederos de la tierra &#8211; Herederos del Planeta&#8221;. Nuestra asociación para el apoyo de niños y adolescentes en los Andes ha adoptado este hermoso nombre asociado a [&hellip;]</p>
